divide 17496?
True
Is 61073 a multiple of 5?
False
Is 2683 a multiple of 34?
False
Is 4737 a multiple of 12?
False
Is 52 a factor of 62?
False
Does 51 divide 2448?
True
Is 7581 a multiple of 57?
True
Does 24 divide 1163?
False
Is 4761 a multiple of 9?
True
Does 15 divide 780?
True
Is 47 a factor of 1706?
False
Is 43 a factor of 731?
True
Is 19 a factor of 190?
True
Is 8073 a multiple of 69?
True
Does 32 divide 1248?
True
Is 1292 a multiple of 34?
True
Does 19 divide 2033?
True
Is 6376 a multiple of 6?
False
Does 43 divide 1542?
False
Does 32 divide 168?
False
Is 986 a multiple of 2?
True
Does 23 divide 2783?
True
Is 44 a factor of 1408?
True
Is 188 a multiple of 13?
False
Is 107 a factor of 4601?
True
Is 2240 a multiple of 10?
True
Does 148 divide 592?
True
Does 2 divide 126?
True
Is 34220 a multiple of 145?
True
Is 15 a factor of 13590?
True
Is 19 a factor of 1878?
False
Does 38 divide 789?
False
Does 8 divide 1145?
False
Does 52 divide 520?
True
Is 20640 a multiple of 40?
True
Is 6 a factor of 1425?
False
Is 24297 a multiple of 25?
False
Does 11 divide 1386?
True
Is 51 a factor of 11040?
False
Is 17 a factor of 49289?
False
Does 294 divide 152139?
False
Is 1501 even?
False
Is 19961 a multiple of 167?
False
Is 21 a factor of 777?
True
Is 28602 a multiple of 42?
True
Does 26 divide 2248?
False
Does 17 divide 1360?
True
Does 21 divide 214?
False
Is 1146 a multiple of 19?
False
Does 21 divide 21995?
False
Is 5352 a multiple of 12?
True
Does 58 divide 5800?
True
Does 20 divide 5960?
True
Is 24864 a multiple of 21?
True
Is 241 a factor of 58081?
True
Is 11 a factor of 2241?
False
Does 21 divide 19341?
True
Does 10 divide 91?
False
Is 8 a factor of 2264?
True
Does 87 divide 11843?
False
Does 52 divide 692?
False
Is 11 a factor of 143?
True
Is 7 a factor of 7?
True
Is 112 even?
True
Does 12 divide 2136?
True
Is 15 a factor of 1888?
False
Does 2 divide 140?
True
Is 17118 a multiple of 27?
True
Does 6 divide 640?
False
Is 23 a factor of 1219?
True
Is 6301 a multiple of 94?
False
Does 11 divide 5301?
False
Is 14 a factor of 1186?
False
Is 238 a factor of 836?
False
Does 13 divide 8502?
True
Does 26 divide 8007?
False
Is 11 a factor of 6028?
True
Is 5 a factor of 2896?
False
Does 13 divide 51324?
True
Does 15 divide 30030?
True
Is 11625 a multiple of 125?
True
Is 214 a multiple of 11?
False
Is 6 a factor of 7179?
False
Is 2357 a multiple of 5?
False
Is 4240 a multiple of 22?
False
Is 109 a factor of 527?
False
Is 11178 a multiple of 12?
False
Does 3 divide 10365?
True
Is 25707 a multiple of 66?
False
Is 590 a multiple of 5?
True
Does 9 divide 801?
True
Is 45 a factor of 136?
False
Is 10293 a multiple of 73?
True
Does 14 divide 1198?
False
Is 53 a factor of 8692?
True
Is 5 a factor of 14820?
True
Does 9 divide 410?
False
Does 23 divide 839?
False
Does 45 divide 6435?
True
Does 40 divide 11320?
True
Is 14 a factor of 2169?
False
Is 2718 a multiple of 3?
True
Does 4 divide 663?
False
Does 4 divide 712?
True
Is 8 a factor of 3224?
True
Is 6 a factor of 190?
False
Is 1830 a multiple of 30?
True
Is 2 a factor of 882?
True
Is 85 a multiple of 12?
False
Is 6 a factor of 276?
True
Is 5 a factor of 170?
True
Is 51744 a multiple of 14?
True
Does 12 divide 117?
False
Does 49 divide 24549?
True
Is 27 a factor of 9909?
True
Is 76629 a multiple of 9?
False
Is 16681 a multiple of 177?
False
Does 9 divide 4185?
True
Is 12 a factor of 10380?
True
Is 336 a multiple of 21?
True
Is 60 a factor of 3707?
False
Does 237 divide 11850?
True
Is 5688 a multiple of 79?
True
Does 4 divide 4500?
True
Is 1541 a multiple of 23?
True
Is 663 a multiple of 8?
False
Is 27 a factor of 1090?
False
Is 57 a factor of 4788?
True
Does 184 divide 60819?
False
Is 38895 a multiple of 15?
True
Does 13 divide 2545?
False
Is 3 a factor of 336?
True
Does 17 divide 714?
True
Is 645 a multiple of 4?
False
Is 138 a factor of 21173?
False
Is 76 a factor of 15580?
True
Does 6 divide 5673?
False
Does 17 divide 22984?
True
Is 17723 a multiple of 131?
False
Is 26 a factor of 910?
True
Does 16 divide 96?
True
Is 28 a factor of 420?
True
Does 75 divide 990?
False
Is 7526 a multiple of 13?
False
Is 298 a multiple of 5?
False
Does 3 divide 1637?
False
Is 17280 a multiple of 108?
True
Is 21300 a multiple of 75?
True
Is 12389 a multiple of 134?
False
Is 11136 a multiple of 26?
False
Does 6 divide 196?
False
Is 16 a factor of 1392?
True
Is 33 a factor of 7362?
False
Does 47 divide 3732?
False
Does 3 divide 1638?
True
Does 8 divide 25792?
True
Is 9 a factor of 41327?
False
Does 68 divide 775?
False
Is 5178 a multiple of 6?
True
Is 1365 a multiple of 35?
True
Does 3 divide 71?
False
Does 10 divide 27160?
True
Is 9 a factor of 4826?
False
Is 4752 a multiple of 11?
True
Is 6116 a multiple of 44?
True
Is 501 a multiple of 2?
False
Does 54 divide 12440?
False
Is 4165 a multiple of 4?
False
Is 2966 a multiple of 8?
False
Does 23 divide 8748?
False
Is 13 a factor of 2669?
False
Is 1054 a multiple of 103?
False
Is 157 a factor of 3676?
False
Is 30444 a multiple of 142?
False
Does 132 divide 10164?
True
Is 19 a factor of 13509?
True
Is 37 a factor of 217?
False
Is 4950 a multiple of 18?
True
Is 38 a factor of 1596?
True
Is 113 a factor of 8814?
True
Is 34840 a multiple of 65?
True
Does 18 divide 198?
True
Is 7464 a multiple of 4?
True
Does 20 divide 1916?
False
Is 38 a factor of 4598?
True
Is 3777 a multiple of 6?
False
Is 6912 a multiple of 17?
False
Is 385 a multiple of 19?
False
Is 49 a factor of 37643?
False
Does 20 divide 45620?
True
Does 38 divide 874?
True
Is 20 a factor of 3834?
False
Is 48 a factor of 10752?
True
Is 91 a factor of 3094?
True
Is 7690 a multiple of 10?
True
Is 1428 a multiple of 34?
True
Does 2 divide 4911?
False
Is 457 a multiple of 31?
False
Is 2 a factor of 755?
False
Is 49 a factor of 9163?
True
Is 45 a factor of 1530?
True
Is 1666 a multiple of 119?
True
Is 15 a factor of 10245?
True
Is 1052 a multiple of 32?
False
Is 648 a multiple of 3?
True
Is 25 a factor of 1864?
False
Does 15 divide 2100?
True
Is 12 a factor of 28200?
True
Is 8 a factor of 320?
True
Does 90 divide 64073?
False
Does 91 divide 59969?
True
Does 9 divide 504?
True
Does 63 divide 63?
True
Is 11734 a multiple of 56?
False
Is 633 a multiple of 38?
False
Is 3837 a multiple of 5?
False
Is 21 a factor of 17430?
True
Is 580 a multiple of 30?
False
Is 2959 a multiple of 55?
False
Is 10 a factor of 20980?
True
Is 8834 a multiple of 14?
True
Is 45 a factor of 45?
True
Is 7307 a multiple of 35?
False
Is 54 a factor of 7776?
True
Is 36 a factor of 216?
True
Is 902 a multiple of 35?
False
Is 550 a multiple of 12?
False
Does 120 divide 1800?
True
Is 173 a factor of 692?
True
Is 2040 a multiple of 12?
True
Is 6304 a multiple of 36?
False
Is 39340 a multiple of 140?
True
Is 108 a factor of 15984?
True
Does 39 divide 2982?
False
Is 40 a factor of 40?
True
Does 42 divide 23016?
True
Is 168 a multiple of 35?
False
Is 114 a multiple of 57?
True
Does 11 divide 11182?
False
Is 10758 a multiple of 66?
True
Is 8 a factor of 600?
True
Is 2912 a multiple of 208?
True
Is 6050 a multiple of 50?
True
Is 720 a multiple of 20?
True
Is 4898 a multiple of 31?
True
Is 46 a factor of 16146?
True
Does 52 divide 9927?
False
Is 47559 a multiple of 249?
True
Is 15133 a multiple of 13?
False
Is 42699 a multiple of 129?
True
Is 46 a multiple of 8?
False
Is 830 a multiple of 83?
True
Is 13 a factor of 130?
True
Does 7 divide 42?
True
Is 125 a multiple of 17?
False
Is 17402 a multiple of 11?
True
Is 66 a multiple of 30?
False
Is 1890 a multiple of 63?
True
Does 103 divide 11060?
False
Does 14 divide 148177?
False
Does 9 divide 2070?
True
Is 388 a multiple of 27?
False
Is 21 a factor of 1124?
False
Is 81736 a multiple of 106?
False
Is 25 a factor of 3425?
True
Does 39 divide 5990?
False
Is 703 a multiple of 28?
False
Is 1888 a multiple of 15?
False
Is 31206 a multiple of 21?
True
Does 2 divide 730?
True
Is 121 a factor of 19174?
False
Is 22708 a multiple of 14?
True
Is 238 a multiple of 14?
True
Is 17340 a multiple of 30?
True
Does 27 divide 198?
False
Is 38 a factor of 8829?
False
Does 236 divide 236?
True
Is 3067 a multiple of 10?
False
Does 10 divide 180?
True
Does 144 divide 39600?
True
Is 2361 a multiple of 13?
False
Is 53214 a multiple of 14?
True
Does 19 divide 